{"id":53,"date":"2023-08-08T12:03:43","date_gmt":"2023-08-08T12:03:43","guid":{"rendered":"https:\/\/amazing-brahmagupta.109-109-132-5.plesk.page\/?page_id=53"},"modified":"2023-08-08T12:25:22","modified_gmt":"2023-08-08T12:25:22","slug":"kontakta-betyg-och-intyg-oversattningar-betyg-intyg-adoptioner-familj-stamplade-certifieradekontakta-betyg-och-intyg-oversattningar","status":"publish","type":"page","link":"https:\/\/www.betygochintyg.se\/index.php\/kontakta-betyg-och-intyg-oversattningar-betyg-intyg-adoptioner-familj-stamplade-certifieradekontakta-betyg-och-intyg-oversattningar\/","title":{"rendered":"Kontakta Betyg och I &hellip;"},"content":{"rendered":"\n<p>Var v\u00e4nlig fyll i nedanst\u00e5ende uppgifter, s\u00e5 kontaktar vi er snarast m\u00f6jligt med ett prisf\u00f6rslag. F\u00f6rfr\u00e5gan \u00e4r kostnadsfri och inte bindande.\u00a0<strong>Auktoriserade \u00f6vers\u00e4ttare har tystnadsplikt enligt lag.<\/strong><\/p>\n\n\n\n<div class=\"wpcf7 no-js\" id=\"wpcf7-f59-o1\" lang=\"en-US\" dir=\"ltr\">\n<div class=\"screen-reader-response\"><p role=\"status\" aria-live=\"polite\" aria-atomic=\"true\"><\/p> <ul><\/ul><\/div>\n<form action=\"\/index.php\/wp-json\/wp\/v2\/pages\/53#wpcf7-f59-o1\" method=\"post\" class=\"wpcf7-form init\" aria-label=\"Contact form\" enctype=\"multipart\/form-data\" novalidate=\"novalidate\" data-status=\"init\">\n<div style=\"display: none;\">\n<input type=\"hidden\" name=\"_wpcf7\" value=\"59\" \/>\n<input type=\"hidden\" name=\"_wpcf7_version\" value=\"5.9.8\" \/>\n<input type=\"hidden\" name=\"_wpcf7_locale\" value=\"en_US\" \/>\n<input type=\"hidden\" name=\"_wpcf7_unit_tag\" value=\"wpcf7-f59-o1\" \/>\n<input type=\"hidden\" name=\"_wpcf7_container_post\" value=\"0\" \/>\n<input type=\"hidden\" name=\"_wpcf7_posted_data_hash\" value=\"\" \/>\n<\/div>\n<table>\n\t<tr>\n\t\t<td>\n\t\t\t<p>Namn\n\t\t\t<\/p>\n\t\t<\/td>\n\t\t<td>\n\t\t\t<p><span class=\"wpcf7-form-control-wrap\" data-name=\"name123\"><input size=\"40\" maxlength=\"400\" class=\"wpcf7-form-control wpcf7-text wpcf7-validates-as-required\" aria-required=\"true\" aria-invalid=\"false\" value=\"\" type=\"text\" name=\"name123\" \/><\/span>\n\t\t\t<\/p>\n\t\t<\/td>\n\t<\/tr>\n\t<tr>\n\t\t<td>\n\t\t\t<p>E-post\n\t\t\t<\/p>\n\t\t<\/td>\n\t\t<td>\n\t\t\t<p><span class=\"wpcf7-form-control-wrap\" data-name=\"email-36\"><input size=\"40\" maxlength=\"400\" class=\"wpcf7-form-control wpcf7-email wpcf7-validates-as-required wpcf7-text wpcf7-validates-as-email\" aria-required=\"true\" aria-invalid=\"false\" value=\"\" type=\"email\" name=\"email-36\" \/><\/span>\n\t\t\t<\/p>\n\t\t<\/td>\n\t<\/tr>\n\t<tr>\n\t\t<td>\n\t\t\t<p>Telefon\n\t\t\t<\/p>\n\t\t<\/td>\n\t\t<td>\n\t\t\t<p><span class=\"wpcf7-form-control-wrap\" data-name=\"phone123\"><input size=\"40\" maxlength=\"400\" class=\"wpcf7-form-control wpcf7-text wpcf7-validates-as-required\" aria-required=\"true\" aria-invalid=\"false\" value=\"\" type=\"text\" name=\"phone123\" \/><\/span>\n\t\t\t<\/p>\n\t\t<\/td>\n\t<\/tr>\n\t<tr>\n\t\t<td>\n\t\t\t<p>Namn\/F\u00f6retag\/Organisation\n\t\t\t<\/p>\n\t\t<\/td>\n\t\t<td>\n\t\t\t<p><span class=\"wpcf7-form-control-wrap\" data-name=\"organisation123\"><input size=\"40\" maxlength=\"400\" class=\"wpcf7-form-control wpcf7-text\" aria-invalid=\"false\" value=\"\" type=\"text\" name=\"organisation123\" \/><\/span>\n\t\t\t<\/p>\n\t\t<\/td>\n\t<\/tr>\n\t<tr>\n\t\t<td>\n\t\t\t<p>Address\n\t\t\t<\/p>\n\t\t<\/td>\n\t\t<td>\n\t\t\t<p><span class=\"wpcf7-form-control-wrap\" data-name=\"textarea-690\"><textarea cols=\"40\" rows=\"10\" maxlength=\"2000\" class=\"wpcf7-form-control wpcf7-textarea\" aria-invalid=\"false\" name=\"textarea-690\"><\/textarea><\/span>\n\t\t\t<\/p>\n\t\t<\/td>\n\t<\/tr>\n\t<tr>\n\t\t<td colspan=\"2\">\n\t\t\t<p>Ladda upp dokumenten (vi hanterar de flesta filformat)\n\t\t\t<\/p>\n\t\t<\/td>\n\t<\/tr>\n\t<tr>\n\t\t<td>\n\t\t\t<p>Fil 1\n\t\t\t<\/p>\n\t\t<\/td>\n\t\t<td>\n\t\t\t<p><span class=\"wpcf7-form-control-wrap\" data-name=\"file-387\"><input size=\"40\" class=\"wpcf7-form-control wpcf7-file\" accept=\"image\/*,.txt,application\/pdf,application\/msword,application\/vnd.openxmlformats-officedocument.wordprocessingml.document\" aria-invalid=\"false\" type=\"file\" name=\"file-387\" \/><\/span>\n\t\t\t<\/p>\n\t\t<\/td>\n\t<\/tr>\n\t<tr>\n\t\t<td>\n\t\t\t<p>Fil 2\n\t\t\t<\/p>\n\t\t<\/td>\n\t\t<td>\n\t\t\t<p><span class=\"wpcf7-form-control-wrap\" data-name=\"file-388\"><input size=\"40\" class=\"wpcf7-form-control wpcf7-file\" accept=\"image\/*,.txt,application\/pdf,application\/msword,application\/vnd.openxmlformats-officedocument.wordprocessingml.document\" aria-invalid=\"false\" type=\"file\" name=\"file-388\" \/><\/span>\n\t\t\t<\/p>\n\t\t<\/td>\n\t<\/tr>\n\t<tr>\n\t\t<td>\n\t\t\t<p>Fil 3\n\t\t\t<\/p>\n\t\t<\/td>\n\t\t<td>\n\t\t\t<p><span class=\"wpcf7-form-control-wrap\" data-name=\"file-389\"><input size=\"40\" class=\"wpcf7-form-control wpcf7-file\" accept=\"image\/*,.txt,application\/pdf,application\/msword,application\/vnd.openxmlformats-officedocument.wordprocessingml.document\" aria-invalid=\"false\" type=\"file\" name=\"file-389\" \/><\/span>\n\t\t\t<\/p>\n\t\t<\/td>\n\t<\/tr>\n\t<tr>\n\t\t<td>\n\t\t\t<p>Beskrivning och ev. fr\u00e5gor.\n\t\t\t<\/p>\n\t\t<\/td>\n\t\t<td>\n\t\t\t<p><span class=\"wpcf7-form-control-wrap\" data-name=\"textarea-691\"><textarea cols=\"40\" rows=\"10\" maxlength=\"2000\" class=\"wpcf7-form-control wpcf7-textarea\" aria-invalid=\"false\" name=\"textarea-691\"><\/textarea><\/span>\n\t\t\t<\/p>\n\t\t<\/td>\n\t<\/tr>\n\t<tr>\n\t\t<td>\n\t\t\t<p>Hur hittade ni oss?\n\t\t\t<\/p>\n\t\t<\/td>\n\t\t<td>\n\t\t\t<p><span class=\"wpcf7-form-control-wrap\" data-name=\"menu-328\"><select class=\"wpcf7-form-control wpcf7-select\" aria-invalid=\"false\" name=\"menu-328\"><option value=\"\">&#8212;Please choose an option&#8212;<\/option><option value=\"S\u00f6kmotor\">S\u00f6kmotor<\/option><option value=\"Rekommendation\">Rekommendation<\/option><option value=\"Tidigare anlitat oss\">Tidigare anlitat oss<\/option><option value=\"Annat s\u00e4tt\">Annat s\u00e4tt<\/option><\/select><\/span>\n\t\t\t<\/p>\n\t\t<\/td>\n\t<\/tr>\n\t<tr>\n\t\t<td>\n\t\t\t<p>Har ni behov av expressleverans?\n\t\t\t<\/p>\n\t\t<\/td>\n\t\t<td>\n\t\t\t<p><span class=\"wpcf7-form-control-wrap\" data-name=\"checkbox-794\"><span class=\"wpcf7-form-control wpcf7-checkbox\"><span class=\"wpcf7-list-item first last\"><label><input type=\"checkbox\" name=\"checkbox-794[]\" value=\"Ja det finns en deadline (ange datum)\" \/><span class=\"wpcf7-list-item-label\">Ja det finns en deadline (ange datum)<\/span><\/label><\/span><\/span><\/span>\n\t\t\t<\/p>\n\t\t\t<p><span class=\"wpcf7-form-control-wrap\" data-name=\"date-392\"><input class=\"wpcf7-form-control wpcf7-date wpcf7-validates-as-date\" aria-invalid=\"false\" value=\"\" type=\"date\" name=\"date-392\" \/><\/span>\n\t\t\t<\/p>\n\t\t<\/td>\n\t<\/tr>\n\t<tr>\n\t\t<td colspan=\"2\">\n\t\t\t<p><input class=\"wpcf7-form-control wpcf7-submit has-spinner\" type=\"submit\" value=\"Skicka\" \/>\n\t\t\t<\/p>\n\t\t<\/td>\n\t<\/tr>\n<\/table><div class=\"wpcf7-response-output\" aria-hidden=\"true\"><\/div>\n<\/form>\n<\/div>\n\n","protected":false},"excerpt":{"rendered":"<p>Var v\u00e4nlig fyll i nedanst\u00e5ende uppgifter, s\u00e5 kontaktar vi er snarast m\u00f6jligt med ett prisf\u00f6rslag. F\u00f6rfr\u00e5gan \u00e4r kostnadsfri och inte bindande.\u00a0Auktoriserade \u00f6vers\u00e4ttare har tystnadsplikt enligt lag.<\/p>\n","protected":false},"author":1,"featured_media":0,"parent":0,"menu_order":0,"comment_status":"closed","ping_status":"closed","template":"","meta":{"footnotes":""},"class_list":["post-53","page","type-page","status-publish","hentry"],"yoast_head":"<!-- This site is optimized with the Yoast SEO plugin v23.5 - https:\/\/yoast.com\/wordpress\/plugins\/seo\/ -->\n<title>Kontakta Betyg och Intyg \u00d6vers\u00e4ttningar - Betyg\/intyg\/adoptioner\/familj (st\u00e4mplade\/certifierade)Kontakta Betyg och Intyg \u00d6vers\u00e4ttningar - Auktoriserade \u00f6vers\u00e4ttningar<\/title>\n<meta name=\"robots\" content=\"index, follow, max-snippet:-1, max-image-preview:large, max-video-preview:-1\" \/>\n<link rel=\"canonical\" href=\"https:\/\/www.betygochintyg.se\/index.php\/kontakta-betyg-och-intyg-oversattningar-betyg-intyg-adoptioner-familj-stamplade-certifieradekontakta-betyg-och-intyg-oversattningar\/\" \/>\n<meta property=\"og:locale\" content=\"sv_SE\" \/>\n<meta property=\"og:type\" content=\"article\" \/>\n<meta property=\"og:title\" content=\"Kontakta Betyg och Intyg \u00d6vers\u00e4ttningar - Betyg\/intyg\/adoptioner\/familj (st\u00e4mplade\/certifierade)Kontakta Betyg och Intyg \u00d6vers\u00e4ttningar - Auktoriserade \u00f6vers\u00e4ttningar\" \/>\n<meta property=\"og:description\" content=\"Var v\u00e4nlig fyll i nedanst\u00e5ende uppgifter, s\u00e5 kontaktar vi er snarast m\u00f6jligt med ett prisf\u00f6rslag. F\u00f6rfr\u00e5gan \u00e4r kostnadsfri och inte bindande.\u00a0Auktoriserade \u00f6vers\u00e4ttare har tystnadsplikt enligt lag.\" \/>\n<meta property=\"og:url\" content=\"https:\/\/www.betygochintyg.se\/index.php\/kontakta-betyg-och-intyg-oversattningar-betyg-intyg-adoptioner-familj-stamplade-certifieradekontakta-betyg-och-intyg-oversattningar\/\" \/>\n<meta property=\"og:site_name\" content=\"Auktoriserade \u00f6vers\u00e4ttningar\" \/>\n<meta property=\"article:modified_time\" content=\"2023-08-08T12:25:22+00:00\" \/>\n<meta name=\"twitter:card\" content=\"summary_large_image\" \/>\n<meta name=\"twitter:label1\" content=\"Ber\u00e4knad l\u00e4stid\" \/>\n\t<meta name=\"twitter:data1\" content=\"1 minut\" \/>\n<script type=\"application\/ld+json\" class=\"yoast-schema-graph\">{\"@context\":\"https:\/\/schema.org\",\"@graph\":[{\"@type\":\"WebPage\",\"@id\":\"https:\/\/www.betygochintyg.se\/index.php\/kontakta-betyg-och-intyg-oversattningar-betyg-intyg-adoptioner-familj-stamplade-certifieradekontakta-betyg-och-intyg-oversattningar\/\",\"url\":\"https:\/\/www.betygochintyg.se\/index.php\/kontakta-betyg-och-intyg-oversattningar-betyg-intyg-adoptioner-familj-stamplade-certifieradekontakta-betyg-och-intyg-oversattningar\/\",\"name\":\"Kontakta Betyg och Intyg \u00d6vers\u00e4ttningar - Betyg\/intyg\/adoptioner\/familj (st\u00e4mplade\/certifierade)Kontakta Betyg och Intyg \u00d6vers\u00e4ttningar - Auktoriserade \u00f6vers\u00e4ttningar\",\"isPartOf\":{\"@id\":\"https:\/\/www.betygochintyg.se\/#website\"},\"datePublished\":\"2023-08-08T12:03:43+00:00\",\"dateModified\":\"2023-08-08T12:25:22+00:00\",\"breadcrumb\":{\"@id\":\"https:\/\/www.betygochintyg.se\/index.php\/kontakta-betyg-och-intyg-oversattningar-betyg-intyg-adoptioner-familj-stamplade-certifieradekontakta-betyg-och-intyg-oversattningar\/#breadcrumb\"},\"inLanguage\":\"sv-SE\",\"potentialAction\":[{\"@type\":\"ReadAction\",\"target\":[\"https:\/\/www.betygochintyg.se\/index.php\/kontakta-betyg-och-intyg-oversattningar-betyg-intyg-adoptioner-familj-stamplade-certifieradekontakta-betyg-och-intyg-oversattningar\/\"]}]},{\"@type\":\"BreadcrumbList\",\"@id\":\"https:\/\/www.betygochintyg.se\/index.php\/kontakta-betyg-och-intyg-oversattningar-betyg-intyg-adoptioner-familj-stamplade-certifieradekontakta-betyg-och-intyg-oversattningar\/#breadcrumb\",\"itemListElement\":[{\"@type\":\"ListItem\",\"position\":1,\"name\":\"Hem\",\"item\":\"https:\/\/www.betygochintyg.se\/\"},{\"@type\":\"ListItem\",\"position\":2,\"name\":\"Kontakta Betyg och Intyg \u00d6vers\u00e4ttningar &#8211; Betyg\/intyg\/adoptioner\/familj (st\u00e4mplade\/certifierade)Kontakta Betyg och Intyg \u00d6vers\u00e4ttningar\"}]},{\"@type\":\"WebSite\",\"@id\":\"https:\/\/www.betygochintyg.se\/#website\",\"url\":\"https:\/\/www.betygochintyg.se\/\",\"name\":\"Auktoriserade \u00f6vers\u00e4ttningar\",\"description\":\"\",\"publisher\":{\"@id\":\"https:\/\/www.betygochintyg.se\/#organization\"},\"potentialAction\":[{\"@type\":\"SearchAction\",\"target\":{\"@type\":\"EntryPoint\",\"urlTemplate\":\"https:\/\/www.betygochintyg.se\/?s={search_term_string}\"},\"query-input\":{\"@type\":\"PropertyValueSpecification\",\"valueRequired\":true,\"valueName\":\"search_term_string\"}}],\"inLanguage\":\"sv-SE\"},{\"@type\":\"Organization\",\"@id\":\"https:\/\/www.betygochintyg.se\/#organization\",\"name\":\"Auktoriserade \u00f6vers\u00e4ttningar\",\"url\":\"https:\/\/www.betygochintyg.se\/\",\"logo\":{\"@type\":\"ImageObject\",\"inLanguage\":\"sv-SE\",\"@id\":\"https:\/\/www.betygochintyg.se\/#\/schema\/logo\/image\/\",\"url\":\"https:\/\/www.betygochintyg.se\/wp-content\/uploads\/2023\/07\/left.gif\",\"contentUrl\":\"https:\/\/www.betygochintyg.se\/wp-content\/uploads\/2023\/07\/left.gif\",\"width\":125,\"height\":169,\"caption\":\"Auktoriserade \u00f6vers\u00e4ttningar\"},\"image\":{\"@id\":\"https:\/\/www.betygochintyg.se\/#\/schema\/logo\/image\/\"}}]}<\/script>\n<!-- \/ Yoast SEO plugin. -->","yoast_head_json":{"title":"Kontakta Betyg och Intyg \u00d6vers\u00e4ttningar - Betyg\/intyg\/adoptioner\/familj (st\u00e4mplade\/certifierade)Kontakta Betyg och Intyg \u00d6vers\u00e4ttningar - Auktoriserade \u00f6vers\u00e4ttningar","robots":{"index":"index","follow":"follow","max-snippet":"max-snippet:-1","max-image-preview":"max-image-preview:large","max-video-preview":"max-video-preview:-1"},"canonical":"https:\/\/www.betygochintyg.se\/index.php\/kontakta-betyg-och-intyg-oversattningar-betyg-intyg-adoptioner-familj-stamplade-certifieradekontakta-betyg-och-intyg-oversattningar\/","og_locale":"sv_SE","og_type":"article","og_title":"Kontakta Betyg och Intyg \u00d6vers\u00e4ttningar - Betyg\/intyg\/adoptioner\/familj (st\u00e4mplade\/certifierade)Kontakta Betyg och Intyg \u00d6vers\u00e4ttningar - Auktoriserade \u00f6vers\u00e4ttningar","og_description":"Var v\u00e4nlig fyll i nedanst\u00e5ende uppgifter, s\u00e5 kontaktar vi er snarast m\u00f6jligt med ett prisf\u00f6rslag. F\u00f6rfr\u00e5gan \u00e4r kostnadsfri och inte bindande.\u00a0Auktoriserade \u00f6vers\u00e4ttare har tystnadsplikt enligt lag.","og_url":"https:\/\/www.betygochintyg.se\/index.php\/kontakta-betyg-och-intyg-oversattningar-betyg-intyg-adoptioner-familj-stamplade-certifieradekontakta-betyg-och-intyg-oversattningar\/","og_site_name":"Auktoriserade \u00f6vers\u00e4ttningar","article_modified_time":"2023-08-08T12:25:22+00:00","twitter_card":"summary_large_image","twitter_misc":{"Ber\u00e4knad l\u00e4stid":"1 minut"},"schema":{"@context":"https:\/\/schema.org","@graph":[{"@type":"WebPage","@id":"https:\/\/www.betygochintyg.se\/index.php\/kontakta-betyg-och-intyg-oversattningar-betyg-intyg-adoptioner-familj-stamplade-certifieradekontakta-betyg-och-intyg-oversattningar\/","url":"https:\/\/www.betygochintyg.se\/index.php\/kontakta-betyg-och-intyg-oversattningar-betyg-intyg-adoptioner-familj-stamplade-certifieradekontakta-betyg-och-intyg-oversattningar\/","name":"Kontakta Betyg och Intyg \u00d6vers\u00e4ttningar - Betyg\/intyg\/adoptioner\/familj (st\u00e4mplade\/certifierade)Kontakta Betyg och Intyg \u00d6vers\u00e4ttningar - Auktoriserade \u00f6vers\u00e4ttningar","isPartOf":{"@id":"https:\/\/www.betygochintyg.se\/#website"},"datePublished":"2023-08-08T12:03:43+00:00","dateModified":"2023-08-08T12:25:22+00:00","breadcrumb":{"@id":"https:\/\/www.betygochintyg.se\/index.php\/kontakta-betyg-och-intyg-oversattningar-betyg-intyg-adoptioner-familj-stamplade-certifieradekontakta-betyg-och-intyg-oversattningar\/#breadcrumb"},"inLanguage":"sv-SE","potentialAction":[{"@type":"ReadAction","target":["https:\/\/www.betygochintyg.se\/index.php\/kontakta-betyg-och-intyg-oversattningar-betyg-intyg-adoptioner-familj-stamplade-certifieradekontakta-betyg-och-intyg-oversattningar\/"]}]},{"@type":"BreadcrumbList","@id":"https:\/\/www.betygochintyg.se\/index.php\/kontakta-betyg-och-intyg-oversattningar-betyg-intyg-adoptioner-familj-stamplade-certifieradekontakta-betyg-och-intyg-oversattningar\/#breadcrumb","itemListElement":[{"@type":"ListItem","position":1,"name":"Hem","item":"https:\/\/www.betygochintyg.se\/"},{"@type":"ListItem","position":2,"name":"Kontakta Betyg och Intyg \u00d6vers\u00e4ttningar &#8211; Betyg\/intyg\/adoptioner\/familj (st\u00e4mplade\/certifierade)Kontakta Betyg och Intyg \u00d6vers\u00e4ttningar"}]},{"@type":"WebSite","@id":"https:\/\/www.betygochintyg.se\/#website","url":"https:\/\/www.betygochintyg.se\/","name":"Auktoriserade \u00f6vers\u00e4ttningar","description":"","publisher":{"@id":"https:\/\/www.betygochintyg.se\/#organization"},"potentialAction":[{"@type":"SearchAction","target":{"@type":"EntryPoint","urlTemplate":"https:\/\/www.betygochintyg.se\/?s={search_term_string}"},"query-input":{"@type":"PropertyValueSpecification","valueRequired":true,"valueName":"search_term_string"}}],"inLanguage":"sv-SE"},{"@type":"Organization","@id":"https:\/\/www.betygochintyg.se\/#organization","name":"Auktoriserade \u00f6vers\u00e4ttningar","url":"https:\/\/www.betygochintyg.se\/","logo":{"@type":"ImageObject","inLanguage":"sv-SE","@id":"https:\/\/www.betygochintyg.se\/#\/schema\/logo\/image\/","url":"https:\/\/www.betygochintyg.se\/wp-content\/uploads\/2023\/07\/left.gif","contentUrl":"https:\/\/www.betygochintyg.se\/wp-content\/uploads\/2023\/07\/left.gif","width":125,"height":169,"caption":"Auktoriserade \u00f6vers\u00e4ttningar"},"image":{"@id":"https:\/\/www.betygochintyg.se\/#\/schema\/logo\/image\/"}}]}},"_links":{"self":[{"href":"https:\/\/www.betygochintyg.se\/index.php\/wp-json\/wp\/v2\/pages\/53","targetHints":{"allow":["GET"]}}],"collection":[{"href":"https:\/\/www.betygochintyg.se\/index.php\/wp-json\/wp\/v2\/pages"}],"about":[{"href":"https:\/\/www.betygochintyg.se\/index.php\/wp-json\/wp\/v2\/types\/page"}],"author":[{"embeddable":true,"href":"https:\/\/www.betygochintyg.se\/index.php\/wp-json\/wp\/v2\/users\/1"}],"replies":[{"embeddable":true,"href":"https:\/\/www.betygochintyg.se\/index.php\/wp-json\/wp\/v2\/comments?post=53"}],"version-history":[{"count":3,"href":"https:\/\/www.betygochintyg.se\/index.php\/wp-json\/wp\/v2\/pages\/53\/revisions"}],"predecessor-version":[{"id":60,"href":"https:\/\/www.betygochintyg.se\/index.php\/wp-json\/wp\/v2\/pages\/53\/revisions\/60"}],"wp:attachment":[{"href":"https:\/\/www.betygochintyg.se\/index.php\/wp-json\/wp\/v2\/media?parent=53"}],"curies":[{"name":"wp","href":"https:\/\/api.w.org\/{rel}","templated":true}]}}