{"id":24,"date":"2023-08-01T10:35:08","date_gmt":"2023-08-01T10:35:08","guid":{"rendered":"https:\/\/amazing-brahmagupta.109-109-132-5.plesk.page\/?page_id=24"},"modified":"2023-09-14T13:49:02","modified_gmt":"2023-09-14T13:49:02","slug":"kontakta-oss","status":"publish","type":"page","link":"https:\/\/www.betygochintyg.se\/index.php\/kontakta-oss\/","title":{"rendered":"Kontakta oss"},"content":{"rendered":"\n<p>Om du vill ha en offert \u00e4r du v\u00e4lkommen att ringa till n\u00e5got av v\u00e5ra kontor eller skicka e-post till\u00a0<a href=\"mailto:info@elt.se\">info@elt.se<\/a> (bifoga g\u00e4rna en inskannad kopia av det som du \u00e4r intresserad av att f\u00e5 \u00f6versatt till engelska).<\/p>\n\n\n\n<p>Du kan \u00e4ven fylla i ett av v\u00e5ra formul\u00e4r och bifoga dina digitala kopior den v\u00e4gen:<\/p>\n\n\n\n<ul class=\"wp-block-list\">\n<li><strong><a href=\"https:\/\/www.betygochintyg.se\/index.php\/kontakta-betyg-och-intyg-oversattningar-juridik-finans-forsakring-industri-teknik-telekom-fastighet-bygg-allmanna-texterkontakta-betyg-och-intyg-oversattningar\/\">Juridik\/finans\/f\u00f6rs\u00e4kring\/industri\/teknik\/telekom\/fastighet\/bygg &amp; allm\u00e4nna texter<\/a><\/strong><\/li>\n\n\n\n<li><strong><a href=\"https:\/\/www.betygochintyg.se\/index.php\/kontakta-betyg-och-intyg-oversattningar-betyg-intyg-adoptioner-familj-stamplade-certifieradekontakta-betyg-och-intyg-oversattningar\/\">Betyg\/intyg\/adoptioner\/familj (st\u00e4mplade\/certifierade)<\/a><\/strong><\/li>\n<\/ul>\n\n\n\n<div class=\"wp-block-columns is-layout-flex wp-container-core-columns-is-layout-9d6595d7 wp-block-columns-is-layout-flex\">\n<div class=\"wp-block-column is-layout-flow wp-block-column-is-layout-flow\" style=\"flex-basis:25%\">\n<p><strong>Stockholm<\/strong>:<br>Tel:&nbsp;<a href=\"tel:+4686613775\">08-661 37 75<\/a><br><br>All post skickas till<br>huvudkontoret p\u00e5<br>Bj\u00f6rkstav\u00e4gen 5<br>741 90 Knivsta.<\/p>\n<\/div>\n\n\n\n<div class=\"wp-block-column is-layout-flow wp-block-column-is-layout-flow\" style=\"flex-basis:25%\">\n<p><strong>Uppland<\/strong>:<br>Bj\u00f6rkstav\u00e4gen 5<br>741 90 Knivsta<br>Tel:&nbsp;<a href=\"tel:+4618380056\">018-38 00 56<\/a><br><br><a href=\"https:\/\/www.betygochintyg.se\/uppsala.htm\">V\u00e4gbeskrivning &gt;&gt;<\/a><\/p>\n<\/div>\n\n\n\n<div class=\"wp-block-column is-layout-flow wp-block-column-is-layout-flow\" style=\"flex-basis:25%\">\n<p><strong>V\u00e4stmanland<\/strong>:<br>Tel:&nbsp;<a href=\"tel:+4621131106\">021-13 11 06<\/a><br><\/p>\n<\/div>\n\n\n\n<div class=\"wp-block-column is-layout-flow wp-block-column-is-layout-flow\" style=\"flex-basis:25%\">\n<p><strong>E-post<\/strong>:<br><a href=\"mailto:info@elt.se\">info@elt.se<\/a><\/p>\n\n\n\n<p><strong>Hemsida<\/strong>:<br><a href=\"http:\/\/www.elt.se\/\" target=\"_blank\" rel=\"noreferrer noopener\">www.elt.se<\/a><\/p>\n<\/div>\n<\/div>\n\n\n\n<div class=\"wp-block-columns is-layout-flex wp-container-core-columns-is-layout-9d6595d7 wp-block-columns-is-layout-flex\">\n<div class=\"wp-block-column is-layout-flow wp-block-column-is-layout-flow\" style=\"flex-basis:25%\"><div class=\"wp-block-image\">\n<figure class=\"aligncenter size-full\"><img loading=\"lazy\" decoding=\"async\" width=\"125\" height=\"167\" src=\"https:\/\/www.betygochintyg.se\/wp-content\/uploads\/2023\/08\/elt_james.jpg\" alt=\"\" class=\"wp-image-26\"\/><\/figure>\n<\/div>\n\n\n<p class=\"has-text-align-center\">James Hurst<\/p>\n<\/div>\n\n\n\n<div class=\"wp-block-column is-layout-flow wp-block-column-is-layout-flow\" style=\"flex-basis:25%\"><div class=\"wp-block-image\">\n<figure class=\"aligncenter size-full\"><img loading=\"lazy\" decoding=\"async\" width=\"125\" height=\"167\" src=\"https:\/\/www.betygochintyg.se\/wp-content\/uploads\/2023\/08\/elt_maria.jpg\" alt=\"\" class=\"wp-image-27\"\/><\/figure>\n<\/div>\n\n\n<p class=\"has-text-align-center\">Maria Holmstr\u00f6m<\/p>\n<\/div>\n\n\n\n<div class=\"wp-block-column is-layout-flow wp-block-column-is-layout-flow\" style=\"flex-basis:25%\"><div class=\"wp-block-image\">\n<figure class=\"aligncenter size-full\"><img loading=\"lazy\" decoding=\"async\" width=\"125\" height=\"167\" src=\"https:\/\/www.betygochintyg.se\/wp-content\/uploads\/2023\/08\/elt_karen.jpg\" alt=\"\" class=\"wp-image-28\"\/><\/figure>\n<\/div>\n\n\n<p class=\"has-text-align-center\">Karen Lundgren<\/p>\n<\/div>\n\n\n\n<div class=\"wp-block-column is-layout-flow wp-block-column-is-layout-flow\" style=\"flex-basis:25%\"><div class=\"wp-block-image\">\n<figure class=\"aligncenter size-full\"><img loading=\"lazy\" decoding=\"async\" width=\"125\" height=\"167\" src=\"https:\/\/www.betygochintyg.se\/wp-content\/uploads\/2023\/08\/elt_karin.jpg\" alt=\"\" class=\"wp-image-29\"\/><\/figure>\n<\/div>\n\n\n<p class=\"has-text-align-center\">Karin Pulliam<\/p>\n<\/div>\n<\/div>\n","protected":false},"excerpt":{"rendered":"<p>Om du vill ha en offert \u00e4r du v\u00e4lkommen att ringa till n\u00e5got av v\u00e5ra kontor eller skicka e-post till\u00a0info@elt.se (bifoga g\u00e4rna en inskannad kopia av det som du \u00e4r intresserad av att f\u00e5 \u00f6versatt till engelska). Du kan \u00e4ven fylla i ett av v\u00e5ra formul\u00e4r och bifoga dina digitala kopior den v\u00e4gen: Stockholm:Tel:&nbsp;08-661 37 [&hellip;]<\/p>\n","protected":false},"author":1,"featured_media":0,"parent":0,"menu_order":0,"comment_status":"closed","ping_status":"closed","template":"","meta":{"footnotes":""},"class_list":["post-24","page","type-page","status-publish","hentry"],"yoast_head":"<!-- This site is optimized with the Yoast SEO plugin v23.5 - https:\/\/yoast.com\/wordpress\/plugins\/seo\/ -->\n<title>Kontakta oss - Auktoriserade \u00f6vers\u00e4ttningar<\/title>\n<meta name=\"robots\" content=\"index, follow, max-snippet:-1, max-image-preview:large, max-video-preview:-1\" \/>\n<link rel=\"canonical\" href=\"https:\/\/www.betygochintyg.se\/index.php\/kontakta-oss\/\" \/>\n<meta property=\"og:locale\" content=\"sv_SE\" \/>\n<meta property=\"og:type\" content=\"article\" \/>\n<meta property=\"og:title\" content=\"Kontakta oss - Auktoriserade \u00f6vers\u00e4ttningar\" \/>\n<meta property=\"og:description\" content=\"Om du vill ha en offert \u00e4r du v\u00e4lkommen att ringa till n\u00e5got av v\u00e5ra kontor eller skicka e-post till\u00a0info@elt.se (bifoga g\u00e4rna en inskannad kopia av det som du \u00e4r intresserad av att f\u00e5 \u00f6versatt till engelska). Du kan \u00e4ven fylla i ett av v\u00e5ra formul\u00e4r och bifoga dina digitala kopior den v\u00e4gen: Stockholm:Tel:&nbsp;08-661 37 [&hellip;]\" \/>\n<meta property=\"og:url\" content=\"https:\/\/www.betygochintyg.se\/index.php\/kontakta-oss\/\" \/>\n<meta property=\"og:site_name\" content=\"Auktoriserade \u00f6vers\u00e4ttningar\" \/>\n<meta property=\"article:modified_time\" content=\"2023-09-14T13:49:02+00:00\" \/>\n<meta property=\"og:image\" content=\"https:\/\/www.betygochintyg.se\/wp-content\/uploads\/2023\/08\/elt_james.jpg\" \/>\n<meta name=\"twitter:card\" content=\"summary_large_image\" \/>\n<meta name=\"twitter:label1\" content=\"Ber\u00e4knad l\u00e4stid\" \/>\n\t<meta name=\"twitter:data1\" content=\"2 minuter\" \/>\n<script type=\"application\/ld+json\" class=\"yoast-schema-graph\">{\"@context\":\"https:\/\/schema.org\",\"@graph\":[{\"@type\":\"WebPage\",\"@id\":\"https:\/\/www.betygochintyg.se\/index.php\/kontakta-oss\/\",\"url\":\"https:\/\/www.betygochintyg.se\/index.php\/kontakta-oss\/\",\"name\":\"Kontakta oss - Auktoriserade \u00f6vers\u00e4ttningar\",\"isPartOf\":{\"@id\":\"https:\/\/www.betygochintyg.se\/#website\"},\"primaryImageOfPage\":{\"@id\":\"https:\/\/www.betygochintyg.se\/index.php\/kontakta-oss\/#primaryimage\"},\"image\":{\"@id\":\"https:\/\/www.betygochintyg.se\/index.php\/kontakta-oss\/#primaryimage\"},\"thumbnailUrl\":\"https:\/\/www.betygochintyg.se\/wp-content\/uploads\/2023\/08\/elt_james.jpg\",\"datePublished\":\"2023-08-01T10:35:08+00:00\",\"dateModified\":\"2023-09-14T13:49:02+00:00\",\"breadcrumb\":{\"@id\":\"https:\/\/www.betygochintyg.se\/index.php\/kontakta-oss\/#breadcrumb\"},\"inLanguage\":\"sv-SE\",\"potentialAction\":[{\"@type\":\"ReadAction\",\"target\":[\"https:\/\/www.betygochintyg.se\/index.php\/kontakta-oss\/\"]}]},{\"@type\":\"ImageObject\",\"inLanguage\":\"sv-SE\",\"@id\":\"https:\/\/www.betygochintyg.se\/index.php\/kontakta-oss\/#primaryimage\",\"url\":\"https:\/\/www.betygochintyg.se\/wp-content\/uploads\/2023\/08\/elt_james.jpg\",\"contentUrl\":\"https:\/\/www.betygochintyg.se\/wp-content\/uploads\/2023\/08\/elt_james.jpg\",\"width\":125,\"height\":167},{\"@type\":\"BreadcrumbList\",\"@id\":\"https:\/\/www.betygochintyg.se\/index.php\/kontakta-oss\/#breadcrumb\",\"itemListElement\":[{\"@type\":\"ListItem\",\"position\":1,\"name\":\"Hem\",\"item\":\"https:\/\/www.betygochintyg.se\/\"},{\"@type\":\"ListItem\",\"position\":2,\"name\":\"Kontakta oss\"}]},{\"@type\":\"WebSite\",\"@id\":\"https:\/\/www.betygochintyg.se\/#website\",\"url\":\"https:\/\/www.betygochintyg.se\/\",\"name\":\"Auktoriserade \u00f6vers\u00e4ttningar\",\"description\":\"\",\"publisher\":{\"@id\":\"https:\/\/www.betygochintyg.se\/#organization\"},\"potentialAction\":[{\"@type\":\"SearchAction\",\"target\":{\"@type\":\"EntryPoint\",\"urlTemplate\":\"https:\/\/www.betygochintyg.se\/?s={search_term_string}\"},\"query-input\":{\"@type\":\"PropertyValueSpecification\",\"valueRequired\":true,\"valueName\":\"search_term_string\"}}],\"inLanguage\":\"sv-SE\"},{\"@type\":\"Organization\",\"@id\":\"https:\/\/www.betygochintyg.se\/#organization\",\"name\":\"Auktoriserade \u00f6vers\u00e4ttningar\",\"url\":\"https:\/\/www.betygochintyg.se\/\",\"logo\":{\"@type\":\"ImageObject\",\"inLanguage\":\"sv-SE\",\"@id\":\"https:\/\/www.betygochintyg.se\/#\/schema\/logo\/image\/\",\"url\":\"https:\/\/www.betygochintyg.se\/wp-content\/uploads\/2023\/07\/left.gif\",\"contentUrl\":\"https:\/\/www.betygochintyg.se\/wp-content\/uploads\/2023\/07\/left.gif\",\"width\":125,\"height\":169,\"caption\":\"Auktoriserade \u00f6vers\u00e4ttningar\"},\"image\":{\"@id\":\"https:\/\/www.betygochintyg.se\/#\/schema\/logo\/image\/\"}}]}<\/script>\n<!-- \/ Yoast SEO plugin. -->","yoast_head_json":{"title":"Kontakta oss - Auktoriserade \u00f6vers\u00e4ttningar","robots":{"index":"index","follow":"follow","max-snippet":"max-snippet:-1","max-image-preview":"max-image-preview:large","max-video-preview":"max-video-preview:-1"},"canonical":"https:\/\/www.betygochintyg.se\/index.php\/kontakta-oss\/","og_locale":"sv_SE","og_type":"article","og_title":"Kontakta oss - Auktoriserade \u00f6vers\u00e4ttningar","og_description":"Om du vill ha en offert \u00e4r du v\u00e4lkommen att ringa till n\u00e5got av v\u00e5ra kontor eller skicka e-post till\u00a0info@elt.se (bifoga g\u00e4rna en inskannad kopia av det som du \u00e4r intresserad av att f\u00e5 \u00f6versatt till engelska). Du kan \u00e4ven fylla i ett av v\u00e5ra formul\u00e4r och bifoga dina digitala kopior den v\u00e4gen: Stockholm:Tel:&nbsp;08-661 37 [&hellip;]","og_url":"https:\/\/www.betygochintyg.se\/index.php\/kontakta-oss\/","og_site_name":"Auktoriserade \u00f6vers\u00e4ttningar","article_modified_time":"2023-09-14T13:49:02+00:00","og_image":[{"url":"https:\/\/www.betygochintyg.se\/wp-content\/uploads\/2023\/08\/elt_james.jpg"}],"twitter_card":"summary_large_image","twitter_misc":{"Ber\u00e4knad l\u00e4stid":"2 minuter"},"schema":{"@context":"https:\/\/schema.org","@graph":[{"@type":"WebPage","@id":"https:\/\/www.betygochintyg.se\/index.php\/kontakta-oss\/","url":"https:\/\/www.betygochintyg.se\/index.php\/kontakta-oss\/","name":"Kontakta oss - Auktoriserade \u00f6vers\u00e4ttningar","isPartOf":{"@id":"https:\/\/www.betygochintyg.se\/#website"},"primaryImageOfPage":{"@id":"https:\/\/www.betygochintyg.se\/index.php\/kontakta-oss\/#primaryimage"},"image":{"@id":"https:\/\/www.betygochintyg.se\/index.php\/kontakta-oss\/#primaryimage"},"thumbnailUrl":"https:\/\/www.betygochintyg.se\/wp-content\/uploads\/2023\/08\/elt_james.jpg","datePublished":"2023-08-01T10:35:08+00:00","dateModified":"2023-09-14T13:49:02+00:00","breadcrumb":{"@id":"https:\/\/www.betygochintyg.se\/index.php\/kontakta-oss\/#breadcrumb"},"inLanguage":"sv-SE","potentialAction":[{"@type":"ReadAction","target":["https:\/\/www.betygochintyg.se\/index.php\/kontakta-oss\/"]}]},{"@type":"ImageObject","inLanguage":"sv-SE","@id":"https:\/\/www.betygochintyg.se\/index.php\/kontakta-oss\/#primaryimage","url":"https:\/\/www.betygochintyg.se\/wp-content\/uploads\/2023\/08\/elt_james.jpg","contentUrl":"https:\/\/www.betygochintyg.se\/wp-content\/uploads\/2023\/08\/elt_james.jpg","width":125,"height":167},{"@type":"BreadcrumbList","@id":"https:\/\/www.betygochintyg.se\/index.php\/kontakta-oss\/#breadcrumb","itemListElement":[{"@type":"ListItem","position":1,"name":"Hem","item":"https:\/\/www.betygochintyg.se\/"},{"@type":"ListItem","position":2,"name":"Kontakta oss"}]},{"@type":"WebSite","@id":"https:\/\/www.betygochintyg.se\/#website","url":"https:\/\/www.betygochintyg.se\/","name":"Auktoriserade \u00f6vers\u00e4ttningar","description":"","publisher":{"@id":"https:\/\/www.betygochintyg.se\/#organization"},"potentialAction":[{"@type":"SearchAction","target":{"@type":"EntryPoint","urlTemplate":"https:\/\/www.betygochintyg.se\/?s={search_term_string}"},"query-input":{"@type":"PropertyValueSpecification","valueRequired":true,"valueName":"search_term_string"}}],"inLanguage":"sv-SE"},{"@type":"Organization","@id":"https:\/\/www.betygochintyg.se\/#organization","name":"Auktoriserade \u00f6vers\u00e4ttningar","url":"https:\/\/www.betygochintyg.se\/","logo":{"@type":"ImageObject","inLanguage":"sv-SE","@id":"https:\/\/www.betygochintyg.se\/#\/schema\/logo\/image\/","url":"https:\/\/www.betygochintyg.se\/wp-content\/uploads\/2023\/07\/left.gif","contentUrl":"https:\/\/www.betygochintyg.se\/wp-content\/uploads\/2023\/07\/left.gif","width":125,"height":169,"caption":"Auktoriserade \u00f6vers\u00e4ttningar"},"image":{"@id":"https:\/\/www.betygochintyg.se\/#\/schema\/logo\/image\/"}}]}},"_links":{"self":[{"href":"https:\/\/www.betygochintyg.se\/index.php\/wp-json\/wp\/v2\/pages\/24","targetHints":{"allow":["GET"]}}],"collection":[{"href":"https:\/\/www.betygochintyg.se\/index.php\/wp-json\/wp\/v2\/pages"}],"about":[{"href":"https:\/\/www.betygochintyg.se\/index.php\/wp-json\/wp\/v2\/types\/page"}],"author":[{"embeddable":true,"href":"https:\/\/www.betygochintyg.se\/index.php\/wp-json\/wp\/v2\/users\/1"}],"replies":[{"embeddable":true,"href":"https:\/\/www.betygochintyg.se\/index.php\/wp-json\/wp\/v2\/comments?post=24"}],"version-history":[{"count":7,"href":"https:\/\/www.betygochintyg.se\/index.php\/wp-json\/wp\/v2\/pages\/24\/revisions"}],"predecessor-version":[{"id":124,"href":"https:\/\/www.betygochintyg.se\/index.php\/wp-json\/wp\/v2\/pages\/24\/revisions\/124"}],"wp:attachment":[{"href":"https:\/\/www.betygochintyg.se\/index.php\/wp-json\/wp\/v2\/media?parent=24"}],"curies":[{"name":"wp","href":"https:\/\/api.w.org\/{rel}","templated":true}]}}