{"id":20,"date":"2023-08-01T10:09:37","date_gmt":"2023-08-01T10:09:37","guid":{"rendered":"https:\/\/amazing-brahmagupta.109-109-132-5.plesk.page\/?page_id=20"},"modified":"2024-09-27T11:55:09","modified_gmt":"2024-09-27T11:55:09","slug":"prisexempel","status":"publish","type":"page","link":"https:\/\/www.betygochintyg.se\/index.php\/prisexempel\/","title":{"rendered":"Prisexempel"},"content":{"rendered":"\n<p>Vi \u00f6vers\u00e4tter m\u00e5nga olika slags dokument dagligen och v\u00e5ra priser varierar n\u00e5got beroende p\u00e5 textens sv\u00e5righetsgrad, leveranstiden samt hur l\u00e5ngt dokumentet \u00e4r.<\/p>\n\n\n\n<p>\u00d6vers\u00e4ttning fr\u00e5n svenska till engelska av 1 sida gymnasiebetyg kostar vanligtvis 680 kr inkl moms (normal leveranstid). I priset ing\u00e5r 2 auktoriserade (st\u00e4mplade) exemplar av det \u00f6versatta dokumentet.<\/p>\n\n\n\n<p>F\u00f6r att kunna ge ett fast totalpris m\u00e5ste vi f\u00e5 se era dokument. Bifoga g\u00e4rna dokumenten direkt om ni kontaktar oss via mejl.<\/p>\n\n\n\n<hr class=\"wp-block-separator has-alpha-channel-opacity\"\/>\n\n\n\n<p><strong>Offertf\u00f6rfr\u00e5gan<\/strong>:<\/p>\n\n\n\n<ul class=\"wp-block-list\">\n<li><strong><a href=\"https:\/\/www.betygochintyg.se\/index.php\/kontakta-betyg-och-intyg-oversattningar-juridik-finans-forsakring-industri-teknik-telekom-fastighet-bygg-allmanna-texterkontakta-betyg-och-intyg-oversattningar\/\">Juridik\/finans\/f\u00f6rs\u00e4kring\/industri\/teknik\/telekom\/fastighet\/bygg &amp; allm\u00e4nna texter<\/a><\/strong><br><\/li>\n\n\n\n<li><strong><a href=\"https:\/\/www.betygochintyg.se\/index.php\/kontakta-betyg-och-intyg-oversattningar-betyg-intyg-adoptioner-familj-stamplade-certifieradekontakta-betyg-och-intyg-oversattningar\/\">Betyg\/intyg\/adoptioner\/familj (st\u00e4mplade\/certifierade)<\/a><\/strong><\/li>\n<\/ul>\n","protected":false},"excerpt":{"rendered":"<p>Vi \u00f6vers\u00e4tter m\u00e5nga olika slags dokument dagligen och v\u00e5ra priser varierar n\u00e5got beroende p\u00e5 textens sv\u00e5righetsgrad, leveranstiden samt hur l\u00e5ngt dokumentet \u00e4r. \u00d6vers\u00e4ttning fr\u00e5n svenska till engelska av 1 sida gymnasiebetyg kostar vanligtvis 680 kr inkl moms (normal leveranstid). I priset ing\u00e5r 2 auktoriserade (st\u00e4mplade) exemplar av det \u00f6versatta dokumentet. F\u00f6r att kunna ge ett [&hellip;]<\/p>\n","protected":false},"author":1,"featured_media":0,"parent":0,"menu_order":0,"comment_status":"closed","ping_status":"closed","template":"","meta":{"footnotes":""},"class_list":["post-20","page","type-page","status-publish","hentry"],"yoast_head":"<!-- This site is optimized with the Yoast SEO plugin v23.5 - https:\/\/yoast.com\/wordpress\/plugins\/seo\/ -->\n<title>Prisexempel - Auktoriserade \u00f6vers\u00e4ttningar<\/title>\n<meta name=\"robots\" content=\"index, follow, max-snippet:-1, max-image-preview:large, max-video-preview:-1\" \/>\n<link rel=\"canonical\" href=\"https:\/\/www.betygochintyg.se\/index.php\/prisexempel\/\" \/>\n<meta property=\"og:locale\" content=\"sv_SE\" \/>\n<meta property=\"og:type\" content=\"article\" \/>\n<meta property=\"og:title\" content=\"Prisexempel - Auktoriserade \u00f6vers\u00e4ttningar\" \/>\n<meta property=\"og:description\" content=\"Vi \u00f6vers\u00e4tter m\u00e5nga olika slags dokument dagligen och v\u00e5ra priser varierar n\u00e5got beroende p\u00e5 textens sv\u00e5righetsgrad, leveranstiden samt hur l\u00e5ngt dokumentet \u00e4r. \u00d6vers\u00e4ttning fr\u00e5n svenska till engelska av 1 sida gymnasiebetyg kostar vanligtvis 680 kr inkl moms (normal leveranstid). I priset ing\u00e5r 2 auktoriserade (st\u00e4mplade) exemplar av det \u00f6versatta dokumentet. F\u00f6r att kunna ge ett [&hellip;]\" \/>\n<meta property=\"og:url\" content=\"https:\/\/www.betygochintyg.se\/index.php\/prisexempel\/\" \/>\n<meta property=\"og:site_name\" content=\"Auktoriserade \u00f6vers\u00e4ttningar\" \/>\n<meta property=\"article:modified_time\" content=\"2024-09-27T11:55:09+00:00\" \/>\n<meta name=\"twitter:card\" content=\"summary_large_image\" \/>\n<meta name=\"twitter:label1\" content=\"Ber\u00e4knad l\u00e4stid\" \/>\n\t<meta name=\"twitter:data1\" content=\"1 minut\" \/>\n<script type=\"application\/ld+json\" class=\"yoast-schema-graph\">{\"@context\":\"https:\/\/schema.org\",\"@graph\":[{\"@type\":\"WebPage\",\"@id\":\"https:\/\/www.betygochintyg.se\/index.php\/prisexempel\/\",\"url\":\"https:\/\/www.betygochintyg.se\/index.php\/prisexempel\/\",\"name\":\"Prisexempel - Auktoriserade \u00f6vers\u00e4ttningar\",\"isPartOf\":{\"@id\":\"https:\/\/www.betygochintyg.se\/#website\"},\"datePublished\":\"2023-08-01T10:09:37+00:00\",\"dateModified\":\"2024-09-27T11:55:09+00:00\",\"breadcrumb\":{\"@id\":\"https:\/\/www.betygochintyg.se\/index.php\/prisexempel\/#breadcrumb\"},\"inLanguage\":\"sv-SE\",\"potentialAction\":[{\"@type\":\"ReadAction\",\"target\":[\"https:\/\/www.betygochintyg.se\/index.php\/prisexempel\/\"]}]},{\"@type\":\"BreadcrumbList\",\"@id\":\"https:\/\/www.betygochintyg.se\/index.php\/prisexempel\/#breadcrumb\",\"itemListElement\":[{\"@type\":\"ListItem\",\"position\":1,\"name\":\"Hem\",\"item\":\"https:\/\/www.betygochintyg.se\/\"},{\"@type\":\"ListItem\",\"position\":2,\"name\":\"Prisexempel\"}]},{\"@type\":\"WebSite\",\"@id\":\"https:\/\/www.betygochintyg.se\/#website\",\"url\":\"https:\/\/www.betygochintyg.se\/\",\"name\":\"Auktoriserade \u00f6vers\u00e4ttningar\",\"description\":\"\",\"publisher\":{\"@id\":\"https:\/\/www.betygochintyg.se\/#organization\"},\"potentialAction\":[{\"@type\":\"SearchAction\",\"target\":{\"@type\":\"EntryPoint\",\"urlTemplate\":\"https:\/\/www.betygochintyg.se\/?s={search_term_string}\"},\"query-input\":{\"@type\":\"PropertyValueSpecification\",\"valueRequired\":true,\"valueName\":\"search_term_string\"}}],\"inLanguage\":\"sv-SE\"},{\"@type\":\"Organization\",\"@id\":\"https:\/\/www.betygochintyg.se\/#organization\",\"name\":\"Auktoriserade \u00f6vers\u00e4ttningar\",\"url\":\"https:\/\/www.betygochintyg.se\/\",\"logo\":{\"@type\":\"ImageObject\",\"inLanguage\":\"sv-SE\",\"@id\":\"https:\/\/www.betygochintyg.se\/#\/schema\/logo\/image\/\",\"url\":\"https:\/\/www.betygochintyg.se\/wp-content\/uploads\/2023\/07\/left.gif\",\"contentUrl\":\"https:\/\/www.betygochintyg.se\/wp-content\/uploads\/2023\/07\/left.gif\",\"width\":125,\"height\":169,\"caption\":\"Auktoriserade \u00f6vers\u00e4ttningar\"},\"image\":{\"@id\":\"https:\/\/www.betygochintyg.se\/#\/schema\/logo\/image\/\"}}]}<\/script>\n<!-- \/ Yoast SEO plugin. -->","yoast_head_json":{"title":"Prisexempel - Auktoriserade \u00f6vers\u00e4ttningar","robots":{"index":"index","follow":"follow","max-snippet":"max-snippet:-1","max-image-preview":"max-image-preview:large","max-video-preview":"max-video-preview:-1"},"canonical":"https:\/\/www.betygochintyg.se\/index.php\/prisexempel\/","og_locale":"sv_SE","og_type":"article","og_title":"Prisexempel - Auktoriserade \u00f6vers\u00e4ttningar","og_description":"Vi \u00f6vers\u00e4tter m\u00e5nga olika slags dokument dagligen och v\u00e5ra priser varierar n\u00e5got beroende p\u00e5 textens sv\u00e5righetsgrad, leveranstiden samt hur l\u00e5ngt dokumentet \u00e4r. \u00d6vers\u00e4ttning fr\u00e5n svenska till engelska av 1 sida gymnasiebetyg kostar vanligtvis 680 kr inkl moms (normal leveranstid). I priset ing\u00e5r 2 auktoriserade (st\u00e4mplade) exemplar av det \u00f6versatta dokumentet. F\u00f6r att kunna ge ett [&hellip;]","og_url":"https:\/\/www.betygochintyg.se\/index.php\/prisexempel\/","og_site_name":"Auktoriserade \u00f6vers\u00e4ttningar","article_modified_time":"2024-09-27T11:55:09+00:00","twitter_card":"summary_large_image","twitter_misc":{"Ber\u00e4knad l\u00e4stid":"1 minut"},"schema":{"@context":"https:\/\/schema.org","@graph":[{"@type":"WebPage","@id":"https:\/\/www.betygochintyg.se\/index.php\/prisexempel\/","url":"https:\/\/www.betygochintyg.se\/index.php\/prisexempel\/","name":"Prisexempel - Auktoriserade \u00f6vers\u00e4ttningar","isPartOf":{"@id":"https:\/\/www.betygochintyg.se\/#website"},"datePublished":"2023-08-01T10:09:37+00:00","dateModified":"2024-09-27T11:55:09+00:00","breadcrumb":{"@id":"https:\/\/www.betygochintyg.se\/index.php\/prisexempel\/#breadcrumb"},"inLanguage":"sv-SE","potentialAction":[{"@type":"ReadAction","target":["https:\/\/www.betygochintyg.se\/index.php\/prisexempel\/"]}]},{"@type":"BreadcrumbList","@id":"https:\/\/www.betygochintyg.se\/index.php\/prisexempel\/#breadcrumb","itemListElement":[{"@type":"ListItem","position":1,"name":"Hem","item":"https:\/\/www.betygochintyg.se\/"},{"@type":"ListItem","position":2,"name":"Prisexempel"}]},{"@type":"WebSite","@id":"https:\/\/www.betygochintyg.se\/#website","url":"https:\/\/www.betygochintyg.se\/","name":"Auktoriserade \u00f6vers\u00e4ttningar","description":"","publisher":{"@id":"https:\/\/www.betygochintyg.se\/#organization"},"potentialAction":[{"@type":"SearchAction","target":{"@type":"EntryPoint","urlTemplate":"https:\/\/www.betygochintyg.se\/?s={search_term_string}"},"query-input":{"@type":"PropertyValueSpecification","valueRequired":true,"valueName":"search_term_string"}}],"inLanguage":"sv-SE"},{"@type":"Organization","@id":"https:\/\/www.betygochintyg.se\/#organization","name":"Auktoriserade \u00f6vers\u00e4ttningar","url":"https:\/\/www.betygochintyg.se\/","logo":{"@type":"ImageObject","inLanguage":"sv-SE","@id":"https:\/\/www.betygochintyg.se\/#\/schema\/logo\/image\/","url":"https:\/\/www.betygochintyg.se\/wp-content\/uploads\/2023\/07\/left.gif","contentUrl":"https:\/\/www.betygochintyg.se\/wp-content\/uploads\/2023\/07\/left.gif","width":125,"height":169,"caption":"Auktoriserade \u00f6vers\u00e4ttningar"},"image":{"@id":"https:\/\/www.betygochintyg.se\/#\/schema\/logo\/image\/"}}]}},"_links":{"self":[{"href":"https:\/\/www.betygochintyg.se\/index.php\/wp-json\/wp\/v2\/pages\/20","targetHints":{"allow":["GET"]}}],"collection":[{"href":"https:\/\/www.betygochintyg.se\/index.php\/wp-json\/wp\/v2\/pages"}],"about":[{"href":"https:\/\/www.betygochintyg.se\/index.php\/wp-json\/wp\/v2\/types\/page"}],"author":[{"embeddable":true,"href":"https:\/\/www.betygochintyg.se\/index.php\/wp-json\/wp\/v2\/users\/1"}],"replies":[{"embeddable":true,"href":"https:\/\/www.betygochintyg.se\/index.php\/wp-json\/wp\/v2\/comments?post=20"}],"version-history":[{"count":5,"href":"https:\/\/www.betygochintyg.se\/index.php\/wp-json\/wp\/v2\/pages\/20\/revisions"}],"predecessor-version":[{"id":172,"href":"https:\/\/www.betygochintyg.se\/index.php\/wp-json\/wp\/v2\/pages\/20\/revisions\/172"}],"wp:attachment":[{"href":"https:\/\/www.betygochintyg.se\/index.php\/wp-json\/wp\/v2\/media?parent=20"}],"curies":[{"name":"wp","href":"https:\/\/api.w.org\/{rel}","templated":true}]}}