{"id":17,"date":"2023-07-31T15:28:45","date_gmt":"2023-07-31T15:28:45","guid":{"rendered":"https:\/\/amazing-brahmagupta.109-109-132-5.plesk.page\/?page_id=17"},"modified":"2023-09-14T12:31:31","modified_gmt":"2023-09-14T12:31:31","slug":"offertforfragan","status":"publish","type":"page","link":"https:\/\/www.betygochintyg.se\/index.php\/offertforfragan\/","title":{"rendered":"V\u00e5ra tj\u00e4nster"},"content":{"rendered":"\n<ul class=\"wp-block-list\">\n<li><a href=\"https:\/\/www.betygochintyg.se\/index.php\/offertforfragan\/\"><strong>Betyg &amp; Intyg<\/strong>&nbsp;(st\u00e4mplade)<\/a><\/li>\n\n\n\n<li><strong><a href=\"https:\/\/www.betygochintyg.se\/index.php\/adoptioner-familjerattsliga-dokument\/\">Adoptioner\/Familjer\u00e4ttsliga dokument<\/a><\/strong><\/li>\n\n\n\n<li><strong><a href=\"https:\/\/www.betygochintyg.se\/index.php\/juridiska-finansiella-allmanna-texter\/\">Juridiska\/Finansiella\/Allm\u00e4nna texter<\/a><\/strong><\/li>\n<\/ul>\n\n\n\n<figure class=\"wp-block-table\"><table><tbody><tr><td><strong>Betyg &amp; Intyg<\/strong>\u00a0(auktoriserade\/st\u00e4mplade\/bestyrkta\/certifierade \u00f6vers\u00e4ttningar). Vi \u00f6vers\u00e4tter texter och dokument av m\u00e5nga olika slag. <br><br>Vi \u00f6vers\u00e4tter fr\u00e5n svenska till engelska med specialisering p\u00e5 dokument som utf\u00e4rdats av skolor, myndigheter, arbetsgivare m.fl.<br><br>Internationaliseringen av samh\u00e4llet har resulterat i ett \u00f6kat behov av validering av utbildning samt internationellt godtagbara \u00f6vers\u00e4ttningar av personliga dokument, t.ex. betyg och intyg. D\u00e5 beh\u00f6vs en professionellt utf\u00f6rd \u00f6vers\u00e4ttning som \u00e4r auktoriserad, d.v.s din \u00f6vers\u00e4ttning blir st\u00e4mplad av en auktoriserad \u00f6vers\u00e4ttare.<\/td><\/tr><\/tbody><\/table><\/figure>\n\n\n\n<p>F\u00f6r mer information om \u00f6vers\u00e4ttning av betyg, intyg och andra handlingar, ring oss eller&nbsp;<a href=\"https:\/\/www.betygochintyg.se\/index.php\/kontakta-betyg-och-intyg-oversattningar-juridik-finans-forsakring-industri-teknik-telekom-fastighet-bygg-allmanna-texterkontakta-betyg-och-intyg-oversattningar\/\"><strong>fyll i en offertf\u00f6rfr\u00e5gan<\/strong>&nbsp;&gt;&gt;<\/a><\/p>\n\n\n\n<p>Exempel p\u00e5 betyg och intyg som vi \u00f6vers\u00e4tter:<\/p>\n\n\n\n<div class=\"wp-block-columns is-layout-flex wp-container-core-columns-is-layout-9d6595d7 wp-block-columns-is-layout-flex\">\n<div class=\"wp-block-column is-layout-flow wp-block-column-is-layout-flow\" style=\"flex-basis:33.33%\">\n<figure class=\"wp-block-image size-full\"><img loading=\"lazy\" decoding=\"async\" width=\"180\" height=\"240\" src=\"https:\/\/www.betygochintyg.se\/wp-content\/uploads\/2023\/08\/betygintyg.gif\" alt=\"\" class=\"wp-image-68\"\/><\/figure>\n<\/div>\n\n\n\n<div class=\"wp-block-column is-layout-flow wp-block-column-is-layout-flow\" style=\"flex-basis:66.66%\">\n<ul class=\"wp-block-list\">\n<li>Arbetsintyg<\/li>\n\n\n\n<li>Diplom<\/li>\n\n\n\n<li>Dopbevis<\/li>\n\n\n\n<li>D\u00f6dsfallsintyg<\/li>\n\n\n\n<li>Kursintyg<\/li>\n\n\n\n<li>Personbevis<\/li>\n\n\n\n<li>Referenser<\/li>\n\n\n\n<li>Registerutdrag<\/li>\n\n\n\n<li>Registreringsbevis<\/li>\n\n\n\n<li>Skolbetyg<\/li>\n\n\n\n<li>Tj\u00e4nstg\u00f6ringsintyg<\/li>\n\n\n\n<li>Utbildningsbevis<\/li>\n\n\n\n<li>Utdrag ur folkbokf\u00f6ringsregistret<\/li>\n\n\n\n<li>Utdrag ur belastningsregistret<\/li>\n<\/ul>\n\n\n\n<p>Vi \u00e5tar oss \u00e4ven expressuppdrag.<\/p>\n<\/div>\n<\/div>\n\n\n\n<p><strong>Offertf\u00f6rfr\u00e5gan<\/strong>:<\/p>\n\n\n\n<ul class=\"wp-block-list\">\n<li><strong><a href=\"https:\/\/www.betygochintyg.se\/index.php\/kontakta-betyg-och-intyg-oversattningar-betyg-intyg-adoptioner-familj-stamplade-certifieradekontakta-betyg-och-intyg-oversattningar\/\">Betyg\/intyg\/adoptioner\/familj (st\u00e4mplade\/certifierade)<\/a><\/strong><\/li>\n<\/ul>\n","protected":false},"excerpt":{"rendered":"<p>Betyg &amp; Intyg\u00a0(auktoriserade\/st\u00e4mplade\/bestyrkta\/certifierade \u00f6vers\u00e4ttningar). Vi \u00f6vers\u00e4tter texter och dokument av m\u00e5nga olika slag. Vi \u00f6vers\u00e4tter fr\u00e5n svenska till engelska med specialisering p\u00e5 dokument som utf\u00e4rdats av skolor, myndigheter, arbetsgivare m.fl. Internationaliseringen av samh\u00e4llet har resulterat i ett \u00f6kat behov av validering av utbildning samt internationellt godtagbara \u00f6vers\u00e4ttningar av personliga dokument, t.ex. betyg och intyg. D\u00e5 [&hellip;]<\/p>\n","protected":false},"author":1,"featured_media":0,"parent":0,"menu_order":0,"comment_status":"closed","ping_status":"closed","template":"","meta":{"footnotes":""},"class_list":["post-17","page","type-page","status-publish","hentry"],"yoast_head":"<!-- This site is optimized with the Yoast SEO plugin v23.5 - https:\/\/yoast.com\/wordpress\/plugins\/seo\/ -->\n<title>V\u00e5ra tj\u00e4nster - Auktoriserade \u00f6vers\u00e4ttningar<\/title>\n<meta name=\"robots\" content=\"index, follow, max-snippet:-1, max-image-preview:large, max-video-preview:-1\" \/>\n<link rel=\"canonical\" href=\"https:\/\/www.betygochintyg.se\/index.php\/offertforfragan\/\" \/>\n<meta property=\"og:locale\" content=\"sv_SE\" \/>\n<meta property=\"og:type\" content=\"article\" \/>\n<meta property=\"og:title\" content=\"V\u00e5ra tj\u00e4nster - Auktoriserade \u00f6vers\u00e4ttningar\" \/>\n<meta property=\"og:description\" content=\"Betyg &amp; Intyg\u00a0(auktoriserade\/st\u00e4mplade\/bestyrkta\/certifierade \u00f6vers\u00e4ttningar). Vi \u00f6vers\u00e4tter texter och dokument av m\u00e5nga olika slag. Vi \u00f6vers\u00e4tter fr\u00e5n svenska till engelska med specialisering p\u00e5 dokument som utf\u00e4rdats av skolor, myndigheter, arbetsgivare m.fl. Internationaliseringen av samh\u00e4llet har resulterat i ett \u00f6kat behov av validering av utbildning samt internationellt godtagbara \u00f6vers\u00e4ttningar av personliga dokument, t.ex. betyg och intyg. D\u00e5 [&hellip;]\" \/>\n<meta property=\"og:url\" content=\"https:\/\/www.betygochintyg.se\/index.php\/offertforfragan\/\" \/>\n<meta property=\"og:site_name\" content=\"Auktoriserade \u00f6vers\u00e4ttningar\" \/>\n<meta property=\"article:modified_time\" content=\"2023-09-14T12:31:31+00:00\" \/>\n<meta property=\"og:image\" content=\"https:\/\/www.betygochintyg.se\/wp-content\/uploads\/2023\/08\/betygintyg.gif\" \/>\n<meta name=\"twitter:card\" content=\"summary_large_image\" \/>\n<meta name=\"twitter:label1\" content=\"Ber\u00e4knad l\u00e4stid\" \/>\n\t<meta name=\"twitter:data1\" content=\"1 minut\" \/>\n<script type=\"application\/ld+json\" class=\"yoast-schema-graph\">{\"@context\":\"https:\/\/schema.org\",\"@graph\":[{\"@type\":\"WebPage\",\"@id\":\"https:\/\/www.betygochintyg.se\/index.php\/offertforfragan\/\",\"url\":\"https:\/\/www.betygochintyg.se\/index.php\/offertforfragan\/\",\"name\":\"V\u00e5ra tj\u00e4nster - Auktoriserade \u00f6vers\u00e4ttningar\",\"isPartOf\":{\"@id\":\"https:\/\/www.betygochintyg.se\/#website\"},\"primaryImageOfPage\":{\"@id\":\"https:\/\/www.betygochintyg.se\/index.php\/offertforfragan\/#primaryimage\"},\"image\":{\"@id\":\"https:\/\/www.betygochintyg.se\/index.php\/offertforfragan\/#primaryimage\"},\"thumbnailUrl\":\"https:\/\/www.betygochintyg.se\/wp-content\/uploads\/2023\/08\/betygintyg.gif\",\"datePublished\":\"2023-07-31T15:28:45+00:00\",\"dateModified\":\"2023-09-14T12:31:31+00:00\",\"breadcrumb\":{\"@id\":\"https:\/\/www.betygochintyg.se\/index.php\/offertforfragan\/#breadcrumb\"},\"inLanguage\":\"sv-SE\",\"potentialAction\":[{\"@type\":\"ReadAction\",\"target\":[\"https:\/\/www.betygochintyg.se\/index.php\/offertforfragan\/\"]}]},{\"@type\":\"ImageObject\",\"inLanguage\":\"sv-SE\",\"@id\":\"https:\/\/www.betygochintyg.se\/index.php\/offertforfragan\/#primaryimage\",\"url\":\"https:\/\/www.betygochintyg.se\/wp-content\/uploads\/2023\/08\/betygintyg.gif\",\"contentUrl\":\"https:\/\/www.betygochintyg.se\/wp-content\/uploads\/2023\/08\/betygintyg.gif\",\"width\":180,\"height\":240},{\"@type\":\"BreadcrumbList\",\"@id\":\"https:\/\/www.betygochintyg.se\/index.php\/offertforfragan\/#breadcrumb\",\"itemListElement\":[{\"@type\":\"ListItem\",\"position\":1,\"name\":\"Hem\",\"item\":\"https:\/\/www.betygochintyg.se\/\"},{\"@type\":\"ListItem\",\"position\":2,\"name\":\"V\u00e5ra tj\u00e4nster\"}]},{\"@type\":\"WebSite\",\"@id\":\"https:\/\/www.betygochintyg.se\/#website\",\"url\":\"https:\/\/www.betygochintyg.se\/\",\"name\":\"Auktoriserade \u00f6vers\u00e4ttningar\",\"description\":\"\",\"publisher\":{\"@id\":\"https:\/\/www.betygochintyg.se\/#organization\"},\"potentialAction\":[{\"@type\":\"SearchAction\",\"target\":{\"@type\":\"EntryPoint\",\"urlTemplate\":\"https:\/\/www.betygochintyg.se\/?s={search_term_string}\"},\"query-input\":{\"@type\":\"PropertyValueSpecification\",\"valueRequired\":true,\"valueName\":\"search_term_string\"}}],\"inLanguage\":\"sv-SE\"},{\"@type\":\"Organization\",\"@id\":\"https:\/\/www.betygochintyg.se\/#organization\",\"name\":\"Auktoriserade \u00f6vers\u00e4ttningar\",\"url\":\"https:\/\/www.betygochintyg.se\/\",\"logo\":{\"@type\":\"ImageObject\",\"inLanguage\":\"sv-SE\",\"@id\":\"https:\/\/www.betygochintyg.se\/#\/schema\/logo\/image\/\",\"url\":\"https:\/\/www.betygochintyg.se\/wp-content\/uploads\/2023\/07\/left.gif\",\"contentUrl\":\"https:\/\/www.betygochintyg.se\/wp-content\/uploads\/2023\/07\/left.gif\",\"width\":125,\"height\":169,\"caption\":\"Auktoriserade \u00f6vers\u00e4ttningar\"},\"image\":{\"@id\":\"https:\/\/www.betygochintyg.se\/#\/schema\/logo\/image\/\"}}]}<\/script>\n<!-- \/ Yoast SEO plugin. -->","yoast_head_json":{"title":"V\u00e5ra tj\u00e4nster - Auktoriserade \u00f6vers\u00e4ttningar","robots":{"index":"index","follow":"follow","max-snippet":"max-snippet:-1","max-image-preview":"max-image-preview:large","max-video-preview":"max-video-preview:-1"},"canonical":"https:\/\/www.betygochintyg.se\/index.php\/offertforfragan\/","og_locale":"sv_SE","og_type":"article","og_title":"V\u00e5ra tj\u00e4nster - Auktoriserade \u00f6vers\u00e4ttningar","og_description":"Betyg &amp; Intyg\u00a0(auktoriserade\/st\u00e4mplade\/bestyrkta\/certifierade \u00f6vers\u00e4ttningar). Vi \u00f6vers\u00e4tter texter och dokument av m\u00e5nga olika slag. Vi \u00f6vers\u00e4tter fr\u00e5n svenska till engelska med specialisering p\u00e5 dokument som utf\u00e4rdats av skolor, myndigheter, arbetsgivare m.fl. Internationaliseringen av samh\u00e4llet har resulterat i ett \u00f6kat behov av validering av utbildning samt internationellt godtagbara \u00f6vers\u00e4ttningar av personliga dokument, t.ex. betyg och intyg. D\u00e5 [&hellip;]","og_url":"https:\/\/www.betygochintyg.se\/index.php\/offertforfragan\/","og_site_name":"Auktoriserade \u00f6vers\u00e4ttningar","article_modified_time":"2023-09-14T12:31:31+00:00","og_image":[{"url":"https:\/\/www.betygochintyg.se\/wp-content\/uploads\/2023\/08\/betygintyg.gif"}],"twitter_card":"summary_large_image","twitter_misc":{"Ber\u00e4knad l\u00e4stid":"1 minut"},"schema":{"@context":"https:\/\/schema.org","@graph":[{"@type":"WebPage","@id":"https:\/\/www.betygochintyg.se\/index.php\/offertforfragan\/","url":"https:\/\/www.betygochintyg.se\/index.php\/offertforfragan\/","name":"V\u00e5ra tj\u00e4nster - Auktoriserade \u00f6vers\u00e4ttningar","isPartOf":{"@id":"https:\/\/www.betygochintyg.se\/#website"},"primaryImageOfPage":{"@id":"https:\/\/www.betygochintyg.se\/index.php\/offertforfragan\/#primaryimage"},"image":{"@id":"https:\/\/www.betygochintyg.se\/index.php\/offertforfragan\/#primaryimage"},"thumbnailUrl":"https:\/\/www.betygochintyg.se\/wp-content\/uploads\/2023\/08\/betygintyg.gif","datePublished":"2023-07-31T15:28:45+00:00","dateModified":"2023-09-14T12:31:31+00:00","breadcrumb":{"@id":"https:\/\/www.betygochintyg.se\/index.php\/offertforfragan\/#breadcrumb"},"inLanguage":"sv-SE","potentialAction":[{"@type":"ReadAction","target":["https:\/\/www.betygochintyg.se\/index.php\/offertforfragan\/"]}]},{"@type":"ImageObject","inLanguage":"sv-SE","@id":"https:\/\/www.betygochintyg.se\/index.php\/offertforfragan\/#primaryimage","url":"https:\/\/www.betygochintyg.se\/wp-content\/uploads\/2023\/08\/betygintyg.gif","contentUrl":"https:\/\/www.betygochintyg.se\/wp-content\/uploads\/2023\/08\/betygintyg.gif","width":180,"height":240},{"@type":"BreadcrumbList","@id":"https:\/\/www.betygochintyg.se\/index.php\/offertforfragan\/#breadcrumb","itemListElement":[{"@type":"ListItem","position":1,"name":"Hem","item":"https:\/\/www.betygochintyg.se\/"},{"@type":"ListItem","position":2,"name":"V\u00e5ra tj\u00e4nster"}]},{"@type":"WebSite","@id":"https:\/\/www.betygochintyg.se\/#website","url":"https:\/\/www.betygochintyg.se\/","name":"Auktoriserade \u00f6vers\u00e4ttningar","description":"","publisher":{"@id":"https:\/\/www.betygochintyg.se\/#organization"},"potentialAction":[{"@type":"SearchAction","target":{"@type":"EntryPoint","urlTemplate":"https:\/\/www.betygochintyg.se\/?s={search_term_string}"},"query-input":{"@type":"PropertyValueSpecification","valueRequired":true,"valueName":"search_term_string"}}],"inLanguage":"sv-SE"},{"@type":"Organization","@id":"https:\/\/www.betygochintyg.se\/#organization","name":"Auktoriserade \u00f6vers\u00e4ttningar","url":"https:\/\/www.betygochintyg.se\/","logo":{"@type":"ImageObject","inLanguage":"sv-SE","@id":"https:\/\/www.betygochintyg.se\/#\/schema\/logo\/image\/","url":"https:\/\/www.betygochintyg.se\/wp-content\/uploads\/2023\/07\/left.gif","contentUrl":"https:\/\/www.betygochintyg.se\/wp-content\/uploads\/2023\/07\/left.gif","width":125,"height":169,"caption":"Auktoriserade \u00f6vers\u00e4ttningar"},"image":{"@id":"https:\/\/www.betygochintyg.se\/#\/schema\/logo\/image\/"}}]}},"_links":{"self":[{"href":"https:\/\/www.betygochintyg.se\/index.php\/wp-json\/wp\/v2\/pages\/17","targetHints":{"allow":["GET"]}}],"collection":[{"href":"https:\/\/www.betygochintyg.se\/index.php\/wp-json\/wp\/v2\/pages"}],"about":[{"href":"https:\/\/www.betygochintyg.se\/index.php\/wp-json\/wp\/v2\/types\/page"}],"author":[{"embeddable":true,"href":"https:\/\/www.betygochintyg.se\/index.php\/wp-json\/wp\/v2\/users\/1"}],"replies":[{"embeddable":true,"href":"https:\/\/www.betygochintyg.se\/index.php\/wp-json\/wp\/v2\/comments?post=17"}],"version-history":[{"count":5,"href":"https:\/\/www.betygochintyg.se\/index.php\/wp-json\/wp\/v2\/pages\/17\/revisions"}],"predecessor-version":[{"id":116,"href":"https:\/\/www.betygochintyg.se\/index.php\/wp-json\/wp\/v2\/pages\/17\/revisions\/116"}],"wp:attachment":[{"href":"https:\/\/www.betygochintyg.se\/index.php\/wp-json\/wp\/v2\/media?parent=17"}],"curies":[{"name":"wp","href":"https:\/\/api.w.org\/{rel}","templated":true}]}}